e the second derivative of -s**5/20 - 7*s**4/12 + 7*s**3/6 - s**2 - 2*s. Let p be q(-8). What is the tens digit of (-2)/p*(-1044)/12?
2
Suppose 2*k + 150 = 1896. What is the hundreds digit of k?
8
Let o(l) = 10 - 2*l - 7*l + 18*l. What is the units digit of o(6)?
4
Suppose 40419 = 22*h - 44391. What is the hundreds digit of h?
8
Let t be (-18)/45 + 102/5. Let q = t - 13. Suppose 3*j - q*j = -96. What is the units digit of j?
4
Let a be (6/4)/((-9)/48). What is the units digit of 183/21 - a/28?
9
Suppose -4*a - 5*l = -3111, 0 = 5*a - 8*a - l + 2347. What is the hundreds digit of a?
7
Let v(n) = 153*n**2 - 21*n + 24. Let x(w) = 76*w**2 - 11*w + 12. Let m(y) = 3*v(y) - 5*x(y). What is the tens digit of m(2)?
1
Let w = -616 + 1363. What is the hundreds digit of w?
7
Suppose 0 = -3*o + 1 - 7. What is the units digit of 218/4 - (-1)/o?
4
Suppose 2*k + 1 + 1 = 0. Let a(z) = -3*z + z - 5*z - 1. What is the units digit of a(k)?
6
Suppose 5*o - 6*q + 2*q = 2175, 0 = 2*q. What is the tens digit of o?
3
Let x be ((-597)/(-9))/(1/18). Let m be (-8)/(-20) + x/15. Suppose 5*l - m = l. What is the units digit of l?
0
Suppose 6195 = 5*h + 5*g, 5*h + 2*g = 3867 + 2343. What is the hundreds digit of h?
2
Suppose 4*v - b = -31, -2*v + 2*b + 2*b - 26 = 0. Let o = 9 + v. Suppose 0 = 8*y - 3*y, o*y = p - 19. What is the tens digit of p?
1
Let i be (-27)/(-4) + 39/(-52). Suppose i*f = 217 + 155. What is the tens digit of f?
6
Let o = 28 - 28. Let j(p) = -p + 109. What is the units digit of j(o)?
9
Suppose 20*k = 11*k + 234. Suppose 5*g = 3*l - 49, g + k = 3*l - 15. What is the tens digit of l?
1
Suppose -r + t - 14 = -3*t, -2*r + 5*t - 16 = 0. Suppose k = 3*k + r. Let l = 25 + k. What is the units digit of l?
4
Suppose -y + 8 = 2*n + 41, -2*y = 2*n + 32. Let j(k) = -k**3 - 16*k**2 + 16*k - 14. Let h be j(n). What is the units digit of h*(-2 - (-68)/6)?
8
Suppose -540 - 160 = -7*i. What is the hundreds digit of i?
1
Let l = 56 - 77. What is the units digit of 866/3 - (35/l)/5?
9
Suppose 0 = -3*r + 2*r + 3. Suppose -r = -m - k, -4*k - 3 = 2*m - 5*k. Suppose -5*n + 127 - 12 = m. What is the units digit of n?
3
Let l = -1448 + 2476. What is the hundreds digit of l?
0
Suppose -37*u = -9735 - 1957. What is the hundreds digit of u?
3
Let u(n) = 12*n**3 - 8*n**2 - 9*n + 51. What is the tens digit of u(5)?
0
Let c(h) = -3*h**3 - 10*h**2 - 10*h + 9. Let f(q) = q**3 + q. Let r(d) = -c(d) - 4*f(d). What is the units digit of r(10)?
1
Suppose 5*h - 8 - 17 = 0. Suppose h*s - 947 = -257. What is the tens digit of s?
3
Let h be -2 + (2 - (-2 - 42)). Suppose 5*k - 16 = 3*r, -5*k + 0*r = -2*r - 14. Suppose 0 = -k*j + 20 + h. What is the tens digit of j?
3
Let a = -24 + 31. What is the units digit of a?
7
Let c = -570 - -613. What is the units digit of c?
3
Let z(p) = -112*p + 480. What is the thousands digit of z(-15)?
2
Let t(k) = -345*k + 107. What is the hundreds digit of t(-4)?
4
Suppose 4*x + 11925 = -x. What is the hundreds digit of ((-6)/5)/(18/x)?
1
What is the tens digit of 11144/2*(4/8 - 0)?
8
Let y(q) = 139*q**3 - q**2. What is the units digit of y(1)?
8
Suppose 4*y - 367 - 541 = 0. What is the units digit of y?
7
Let a = 423 - -545. What is the hundreds digit of a?
9
Let o be 9/(-12) + 15/4. Let t be -3*o/(-36)*284. Suppose -i - 165 = -3*k, 4*i - 149 - t = -4*k. What is the tens digit of k?
5
Let r(h) = 50*h - 4. Let s be r(6). Suppose 0 = -4*j - 0*j + s. What is the units digit of j?
4
Let n be (-40)/(-7) + 2/7. Suppose -n*y + 14 = -4*y. Suppose 0 = 10*d - y*d - 87. What is the tens digit of d?
2
Let a(z) be the first derivative of 8*z**3/3 - 2*z**2 - z + 8. What is the units digit of a(4)?
1
Let g(t) = t**2 - 2*t - 5. Let y be g(4). Suppose 0*h + 2*j = -h - 100, y*h + 280 = 4*j. Let q = 139 + h. What is the tens digit of q?
4
Let a(z) = 4*z - 13. Let d(t) = -t**2 + 8*t - 3. Let w be d(6). What is the tens digit of a(w)?
2
Suppose 36 = -4*l + 2*i, 4*l + 3*i + 33 = -23. Let d = -11 - l. Suppose 0 = -d*k - k + 3*w + 19, -w + 77 = 3*k. What is the units digit of k?
5
Let f(x) = 8*x - 56. Let s be f(7). Suppose -5*d - d + 636 = s. What is the hundreds digit of d?
1
Let a(l) = l**2 - 6*l + 1. Let c be a(-7). Let z = c - 65. What is the units digit of z?
7
Let y = -4172 + 6218. What is the units digit of y?
6
Let s(u) be the second derivative of -1/12*u**4 + 12*u**2 + 0 - 5*u - 1/6*u**3 + 1/20*u**5. What is the units digit of s(0)?
4
Let o(k) = -6*k**3 - k**2 - k - 1. Let w be o(-1). Suppose 3 + 7 = -w*u. What is the tens digit of 2*u/(4/(-47))?
4
Let p be 0 - 0 - (-18 + 13). Suppose 3*o + o - p*w - 59 = 0, 2*o - 28 = 2*w. What is the tens digit of o?
1
What is the hundreds digit of (-15 - -25)*146/5?
2
Suppose -k = -4*k + 63. Let b be (2/3)/((-14)/k). What is the tens digit of (10 - -3) + (-1 - b)?
1
Let z be 5/((-20)/16)*-16. Suppose 6*p = 14*p - z. What is the units digit of p?
8
Let s = -12 + -8. Let h be (-57)/(-38)*s/(-6). Suppose -3*p + 102 + 37 = c, -h*p - 4*c + 241 = 0. What is the tens digit of p?
4
Suppose -1 + 4 = t. Let v be 180/t + 0/2. Suppose -s + v = 4*s. What is the units digit of s?
2
Let j(l) = -167*l**3 + 2*l**2 - 10*l - 18. What is the hundreds digit of j(-3)?
5
What is the units digit of (7/28*382)/((-2)/(-8))?
2
Let j = -4534 + 6644. What is the units digit of j?
0
Let f = -38 + 31. Let s = f - -72. What is the units digit of s?
5
What is the thousands digit of (-10)/(50/(-29645)) - (-3)/(-3)?
5
Let u be 7/7 - (-37 - -2). Let l = u + 5. What is the tens digit of l?
4
Let p(l) = 8 + 4 - 4*l + 3*l - 3. What is the tens digit of p(-8)?
1
What is the units digit of 4/42 + 295600/840?
2
Let d(f) = 180*f**3 - 2*f**2 + f. Let h be d(1). Let y = h + -124. What is the units digit of y?
5
Let a = 8 - 7. What is the tens digit of ((-76)/a)/(-9 + 8)?
7
Let x(u) = u**2 - 3*u. Let a be x(4). Suppose 3*s = -15, -a*w + 139 = -0*s + s. What is the tens digit of w?
3
Let q = -269 + 277. What is the units digit of q?
8
Suppose -57 = -16*u + 39. Let x(p) be the second derivative of p**5/20 - p**4/2 + 5*p**3/6 - p. What is the tens digit of x(u)?
3
Let q = 5244 + -3092. What is the hundreds digit of q?
1
Suppose -5*d = 5*t - 1455, 4*d - 11 = -3. What is the units digit of t?
9
Suppose -5*c + 6 = -a, -4*a = 5*c - 2*c - 22. Suppose a*t = 9*t - 445. What is the units digit of t?
9
Suppose 38*w = 41212 + 76132. What is the units digit of w?
8
Let g(j) = -8*j**3 - 8*j**2 + 8*j - 25. What is the tens digit of g(-7)?
7
Let r be (-1)/1*24/2 - -2. What is the tens digit of (-8)/r*(-915)/(-6)?
2
Suppose -24 = -2*r + 2*x, 2*r - x - 35 = -9. Let w = r - 11. Suppose -5*g = w*o - 10, 0*o = -4*o - 3*g + 17. What is the units digit of o?
5
Let b be (-2)/(-3)*297/18. Suppose b*p - 3502 = -642. What is the tens digit of p?
6
Let d(t) = -41*t**3 + t**2 + t + 1. Let r be d(-1). Let w = -6 + r. Let l = -25 + w. What is the tens digit of l?
1
Let y(a) = -2*a**3 - 6*a**2 - 2*a. Let d be y(-9). What is the units digit of ((-1 + -1)*-1)/(20/d)?
9
What is the hundreds digit of (-1772)/(-8) - 2 - (-3)/(-2)?
2
Let u be 9/12*96/18 - 6. What is the tens digit of (u + 3)/(1/39)?
3
Suppose 56*f + 61650 = 71*f. What is the tens digit of f?
1
Let y(i) = -i**3 + 15*i**2 - i + 17. Let g be y(15). Let f(b) = b**3 - 5*b**2 - b + 5. Let j be f(5). Suppose -g*x + j = -82. What is the tens digit of x?
4
Suppose 5*r = 4*q + 3917, 1568 = 2*r - 38*q + 36*q. What is the tens digit of r?
8
Let z(v) = -5*v + 2. Let l be z(-1). What is the units digit of ((-2)/2)/(l/(-427))?
1
Let g(r) = 2*r**2 - 7. Let q be g(-5). Suppose 4*j + 0*p + 2*p - 62 = 0, q = j - 5*p. Let a = -12 + j. What is the units digit of a?
6
Let v(c) = 146*c**2 - 52*c + 8. What is the units digit of v(4)?
6
Suppose 5*q - 5465 = -275. What is the units digit of q?
8
Suppose -4*g - z + 41 = -36, 0 = z - 1. Let v = -9 + -1. Let y = g + v. What is the units digit of y?
9
Let v = -2704 - -5358. What is the hundreds digit of v?
6
Let u(p) be the first derivative of -p**2/2 + 69*p - 32. What is the tens digit of u(-11)?
8
Suppose 0 = -13*v + 215 + 708. What is the tens digit of v?
7
Let v = -304 - -306. Let z(j) = 40*j - 11. Let l(u) = u - 1. Let f(k) = -4*l(k) + z(k). What is the units digit of f(v)?
5
What is the units digit of ((-24)/10)/(0 + 3/(-885))?